0323
101100111010000100111 (base 2) to base 10
1471527
-2539918 (base 10) to base 15
-35287d
10110101111011110111 (base 2) to base 3
1101212020021
What is -1c2c12 (base 15) in base 12?
-5645b2
Convert 78c996 (base 13) to base 14.
544919
743714 (base 9) to base 4
1223333302
What is -480694 (base 11) in base 9?
-1381435
12230214 (base 5) to base 14
30bb1
23a86a (base 12) to base 11
365606
What is -402a94 (base 14) in base 12?
-881422
Convert 100001010010000010110 (base 2) to base 10.
1090582
-22020002220 (base 3) to base 5
-20140131
-81884 (base 9) to base 14
-1592d
-2180435 (base 11) to base 16
-3a50ff
What is -256a31 (base 11) in base 13?
-112193
-1a209d (base 15) to base 10
-1272523
What is -d41 (base 16) in base 11?
-2605
-125414131 (base 6) to base 9
-4638631
What is -1120041424 (base 5) in base 12?
-a08417
What is 2003c (base 16) in base 11?
8a581
Convert -21341404 (base 7) to base 16.
-1bda17
Convert 105434 (base 9) to base 10.
63049
What is 184841 (base 13) in base 16?
94eb6
Convert 240324031 (base 5) to base 16.
10dbfb
Convert -30431122 (base 6) to base 14.
-18ac8a
55105 (base 10) to base 4
31131001
Convert -1783761 (base 9) to base 13.
-290284
234453310 (base 6) to base 12
1594236
Convert 1378c8 (base 15) to base 12.
3921bb
1463616 (base 7) to base 4
300332223
Convert -221133011 (base 4) to base 10.
-169925
102300321203 (base 4) to base 6
253232335
Convert -25368 (base 13) to base 2.
-10000110001011100
-47c47c (base 16) to base 2
-10001111100010001111100
-10000101011100101101010 (base 2) to base 16
-42b96a
What is 2579462 (base 10) in base 8?
11656006
What is 250943 (base 10) in base 15?
4e548
Convert 4863814 (base 12) to base 14.
1c21c08
214310124 (base 5) to base 16
e384a
-17382027 (base 9) to base 7
-134145031
2101110210102 (base 3) to base 10
1269038
Convert -4030415 (base 6) to base 15.
-3b762
-12012023 (base 4) to base 12
-1254b
-12141011 (base 5) to base 7
-656442
Convert 121012112 (base 5) to base 4.
2021203033
Convert -1a381 (base 13) to base 12.
-2571b
Convert -1011023311 (base 4) to base 8.
-1051365
Convert 439ab (base 12) to base 5.
10331210
What is -33001262 (base 7) in base 10?
-2824061
Convert -271420 (base 8) to base 9.
-154266
What is 2647415 (base 8) in base 7?
6204511
What is -548877 (base 10) in base 5?
-120031002
Convert -2586594 (base 10) to base 13.
-6c743a
What is 10011101101110011100 (base 2) in base 7?
5330340
Convert 20331300113 (base 4) to base 9.
4371655
Convert 60ec0 (base 16) to base 10.
396992
What is -13112002 (base 5) in base 15?
-28352
What is -1001121121011 (base 3) in base 11?
-355182
-10011001101010010 (base 2) to base 15
-1849e
Convert -1665334 (base 9) to base 6.
-31525004
Convert -105006332 (base 7) to base 13.
-1416923
Convert 121533 (base 7) to base 8.
53315
2340224104 (base 5) to base 10
5398654
What is -1035507 (base 9) in base 12?
-229351
Convert -1097cc (base 13) to base 12.
-16b115
What is 104030 (base 10) in base 8?
313136
What is -16a773 (base 11) in base 10?
-263134
110401000 (base 6) to base 2
111100110000011011000
Convert -22345104 (base 7) to base 6.
-105400453
Convert -1001120200212101 (base 3) to base 15.
-1500831
Convert -3023003 (base 4) to base 3.
-122211022
Convert 544521 (base 10) to base 4.
2010330021
Convert -330c27 (base 16) to base 13.
-901971
What is -2844 (base 13) in base 8?
-13252
-272742 (base 9) to base 15
-34328
Convert 28723 (base 11) to base 8.
117542
What is 20046b1 (base 14) in base 7?
242050611
-913336 (base 10) to base 12
-380674
What is 1203015 (base 7) in base 11?
a4479
Convert -200121101 (base 4) to base 13.
-4851b
Convert -1110111000101001 (base 2) to base 9.
-102563
Convert 3240112124 (base 5) to base 11.
3a22025
What is -20003122 (base 6) in base 5?
-120414240
-12a135 (base 11) to base 14
-543b4
Convert 12101222202002 (base 3) to base 6.
141331215
What is -120423 (base 10) in base 14?
-31c59
-22222223012 (base 4) to base 6
-135533302
What is 23100111 (base 6) in base 14?
145c71
-86578b (base 14) to base 11
-2627231
Convert -3132102130 (base 4) to base 11.
-572080
Convert -174cd (base 14) to base 7.
-332546
Convert -1451110 (base 10) to base 13.
-3ba65b
Convert -1000111101011101000001 (base 2) to base 9.
-4370030
What is -13b1e (base 15) in base 8?
-173426
What is 16a64 (base 12) in base 7?
164050
-2548292 (base 10) to base 13
-6b2b86
What is 55616411 (base 7) in base 14?
8d3641
What is -13502 (base 12) in base 3?
-1100112202
-128246 (base 11) to base 9
-336076
111101000101111010 (base 2) to base 15
4e224
Convert 9a935a (base 11) to base 16.
188a54
329880 (base 10) to base 14
8830c
Convert 330213422 (base 5) to base 9.
2584100
-1010011111011010 (base 2) to base 13
-16735
3140054 (base 7) to base 14
9c39b
Convert 1024544 (base 7) to base 5.
12432400
52263543 (base 7) to base 15
5be5e3
What is -12028983 (base 10) in base 2?
-101101111000110000110111
Convert -5a90c0 (base 14) to base 11.
-1826755
What is 555a3 (base 14) in base 6?
4233551
-21220113111 (base 4) to base 3
-11202021010210
-443a1 (base 11) to base 8
-175552
Convert 1020022110 (base 4) to base 16.
48294
What is -4360214 (base 8) in base 13?
-32036a
Convert 12341214 (base 5) to base 7.
1014015
Convert -101221010002 (base 3) to base 10.
-215138
Convert 11231412 (base 6) to base 13.
c1892
What is -3331202031 (base 4) in base 12?
-420b79
What is -30247752 (base 8) in base 12?
-21767a2
Convert 567716 (base 8) to base 13.
697aa
What is 2325ab (base 12) in base 3?
1001122220112
1fdc9c (base 16) to base 11
11a68a6
Convert 3623a82 (base 11) to base 4.
120011320230
What is 291261 (base 10) in base 7?
2322105
-1642446 (base 7) to base 11
-147072
What is 1001212011 (base 3) in base 15?
6377
Convert 5af0 (base 16) to base 12.
11580
What is -168564 (base 10) in base 12?
-81670
-1010010111110111 (base 2) to base 9
-64247
What is -4a352 (base 12) in base 3?
-12010011022
What is -6337c9 (base 15) in base 10?
-4720014
564065 (base 9) to base 11
2106a7
-3094e2 (base 16) to base 3
-12222202102002
What is -42712 (base 11) in base 8?
-171206
What is -61635415 (base 7) in base 14?
-9879b5
Convert 420311042 (base 6) to base 13.
168922a
What is 145364 (base 7) in base 16?
6e9f
Convert -45437 (base 10) to base 12.
-22365
Convert -40264310 (base 7) to base 5.
-1323444333
Convert 1000101000000010110100 (base 2) to base 15.
2e9e9c
221331434 (base 5) to base 11
5a9807
-11100010000001000101 (base 2) to base 6
-31501541
Convert -3a87b (base 15) to base 6.
-4004125
Convert -23233103 (base 4) to base 2.
-1011101111010011
What is 16201 (base 13) in base 12?
2042a
-1753278 (base 12) to base 3
-100002202012002
Convert -537528 (base 9) to base 4.
-1032033032
What is -32020202032 (base 4) in base 13?
-9c94c0
Convert -11113454 (base 6) to base 3.
-122002120121
10433132 (base 5) to base 6
1554101
What is -69c88 (base 13) in base 4?
-233023333
Convert -ad90a (base 16) to base 10.
-710922
5528207 (base 10) to base 2
10101000101101010001111
What is 122178 (base 12) in base 5?
33401441
Convert 44341441 (base 5) to base 8.
1364061
What is -2223232223 (base 4) in base 2?
-10101011101110101011
What is -5f05a3 (base 16) in base 11?
-357378a
5144553 (base 6) to base 3
110120020220
Convert -15014693 (base 10) to base 6.
-1253452245
What is 3a24a7a (base 11) in base 12?
23b84b4
-125492 (base 10) to base 9
-211125
340829 (base 10) to base 11
213085
What is -3989434 (base 11) in base 4?
-122103003022
Convert b3a671 (base 12) to base 3.
12022011000011
-2595783 (base 10) to base 6
-131345303
Convert 3d476 (base 15) to base 14.
519c5
What is -533624 (base 8) in base 16?
-2b794
Convert 5215203 (base 6) to base 12.
101503
11101010111001110 (base 2) to base 3
20002222110
Convert 8c4223 (base 14) to base 12.
1723373
100110000000010100000 (base 2) to base 14
245bb2
94419 (base 10) to base 12
46783
Convert 297552 (base 13) to base 9.
1817526
Convert -1011111110110100110101 (base 2) to base 5.
-1301002132
Convert -220222020211112 (base 3) to base 14.
-1a966ba
What is -51663 (base 7) in base 9?
-18356
759999 (base 10) to base 16
b98bf
Convert -2010143233 (base 5) to base 13.
-a99412
-147bc0 (base 15) to base 6
-33102443
Convert 40765416 (base 8) to base 9.
17236218
-3202401033 (base 5) to base 15
-8c08e8
What is 33322003 (base 5) in base 10?
292128
32204